-5)?
7
Let b = 535 + -541. Let m = -377 - -194. What is the units digit of (-2)/((1/(-2))/(m/b))?
2
Suppose -47*p + 12008 = -43*p. What is the thousands digit of p?
3
Let p(r) = 72*r**3 - 3*r**2 - 2*r - 6. Let q be p(4). Suppose q + 4847 = 31*g. What is the tens digit of g?
0
Suppose 0 = 5*c - 2*i - 2246, -3*i = -4*c + 2*i + 1807. Suppose l + c = 5*z, -5*z + l + 88 = -4*z. What is the tens digit of z?
9
Let s = 335 - -7848. What is the units digit of s?
3
Let i = -161 - -168. Suppose w = 343 + i. What is the tens digit of w?
5
Let f be 56/8 - (1 - -2). Let s(k) = 7*k**3 + 8*k**2 - 15*k + 14. What is the hundreds digit of s(f)?
5
Suppose 0 = 88*h - 110374 - 784058. What is the ten thousands digit of h?
1
Let c be (-8)/(120/27)*-15. Suppose 10*s = -7 + c. Suppose -s*u = 2*z + 2*z - 406, -2*z + 188 = -4*u. What is the hundreds digit of z?
1
Suppose 2*v + 2*v = 12. Suppose -d - d - 5*g + 871 = 0, 0 = -d + 4*g + 455. Suppose d = v*q + 26. What is the tens digit of q?
3
Suppose 4*q + 7832 = 2*k, 16*k - 19*k = q - 11727. What is the tens digit of k?
1
Let u(a) be the second derivative of a**6/120 - a**4/12 - 7*a**3/6 - 6*a. Let j(l) be the second derivative of u(l). What is the units digit of j(-3)?
5
Suppose -42372 + 238815 = 3*g + 20*g. What is the hundreds digit of g?
5
Let y(z) = -z**3 + 12*z**2 - 8*z. Let u be y(12). Let s = 199 + u. Let r = s - -72. What is the units digit of r?
5
Suppose -2*i = -3845 + 1407. Let z = -846 + i. What is the tens digit of z?
7
Let h = 14332 + -9066. What is the tens digit of h?
6
Let u = -3486 - -11153. What is the hundreds digit of u?
6
Let z be 836/8 + (-4)/(-8)*3. Suppose 0*t - z = -2*t - 5*v, 5*v + 66 = 2*t. What is the units digit of t?
3
Let g = 797 - 478. Suppose 11*m - g = 88. Suppose -5 = -3*z + m. What is the tens digit of z?
1
Suppose 2*a = 4*r - 631 - 73, 2*a = 0. Let b = 306 + r. What is the tens digit of b?
8
Suppose -21 = -3*z + 4*v, -2*z = -4*v - v - 14. Suppose -10*k + 1932 = -z*k. What is the tens digit of k?
4
Let u = 22567 + -16984. What is the units digit of u?
3
Suppose k = 4*c - 15100, -3*c + 5*k + 10212 = -1130. What is the tens digit of c?
7
Suppose 458 = 2*t + 7*u - 12*u, 0 = 3*t - 5*u - 692. Let g = t + -77. What is the tens digit of g?
5
Let j be (566/2 - 2)*-1. Let w = j + 289. What is the units digit of w?
8
Let x(s) = 21666*s + 133. What is the ten thousands digit of x(4)?
8
Let l(j) = 2789*j + 1994. What is the units digit of l(7)?
7
Let t = -11 - -15. Let b(i) = i**3 - 32*i**2 + 218*i - 16. Let y be b(9). Suppose 5*h = 5*g + y + 67, -t*g = -h + 36. What is the units digit of h?
8
Suppose 6661 = s + 5*y, -25*s + 3*y = -28*s + 19947. What is the tens digit of s?
4
What is the units digit of (99/6)/((3/(-8))/((-24048)/64))?
3
Let k(a) = 2*a**3 + 4*a + 7. Let l be k(-2). What is the hundreds digit of (-3026)/(-14) - l/(-119)?
2
Let z(p) = 1982*p**3 + p**2 - 4*p + 2. What is the units digit of z(2)?
4
Let g(b) = -b**2 - 12*b + 3. Let m be g(-12). Let r(d) = 8*d - 18 - 10*d**3 - 7*d**2 - 2*d**2 + 11*d**m + 2*d**2. What is the tens digit of r(7)?
3
Let w(b) = b**2 + 6*b + 11. Let t be w(-5). Suppose 5*h = 2*s - t + 32, -3*h + 5*s = -8. What is the tens digit of (h/9)/(3/387)?
8
What is the hundreds digit of (1 + 10126)*(-202)/(-202)?
1
Let y = 551 + -551. What is the tens digit of -2 + (-10064)/(y + -8)?
5
Suppose l + 3*b - 164 = 0, -2*l - b - 363 = -4*l. Suppose -23*p + 4*k - 588 = -25*p, -3*k = 3*p - 894. Let n = p - l. What is the hundreds digit of n?
1
Let w(n) = 28*n**3 - 3*n**2 - n + 10. Suppose 0 = -5*j, -5*u + 2*j - 4*j + 15 = 0. What is the hundreds digit of w(u)?
7
Let c = 85 + 1174. Suppose 2101 = 5*k - 4*s, 2*k + c = 5*k - 4*s. What is the tens digit of k?
2
Suppose -35*f = -335206 + 104416. What is the tens digit of f?
9
Suppose 0 = 226*r - 269*r + 1076290. What is the units digit of r?
0
Suppose 4*w - 787 = -5*a, 4*a - 194 = -w + 440. Suppose 0 = 163*c - a*c - 4564. What is the thousands digit of c?
1
Let l = 11221 - 5199. What is the tens digit of l?
2
Suppose 10*l - 14*l - 16008 = -2*w, 0 = -2*l + 6. What is the units digit of w?
0
Let i = -4463 + 13843. What is the tens digit of i?
8
Let o be 62/(-22) + 3 + (-403)/(-143). What is the units digit of o/(8/(-3) + 3)?
9
Let f(w) = 15*w**2 - 75*w - 62. What is the units digit of f(25)?
8
Let a(q) = 72*q**2 - 51*q - 34. What is the thousands digit of a(14)?
3
Let u(b) = 2*b**2 + b - 22. Let h be u(6). Let l = 759 + h. What is the hundreds digit of l?
8
Let z(h) = -5*h + 239. Suppose 0 = -2*s + 8, 0*s + 4*s = -n + 49. What is the tens digit of z(n)?
7
Suppose 274006 = 63*i - 45362 - 12579. What is the units digit of i?
9
Let t be 2 - ((-85)/25 - (-12)/(-20)). Suppose 0 = 14*l + t*l - 100. What is the units digit of l?
5
Let c(t) = t**3 + 11*t**2 + 20*t + 11. Let m = 1 - -10. Suppose 3*n = -13 - m. What is the tens digit of c(n)?
4
Suppose 26*q - 37*q = -33*q + 267784. What is the thousands digit of q?
2
Suppose -5*x = 4*r - 42880, -319*x = -318*x - r - 8567. What is the units digit of x?
2
Suppose 2*t + 0*t - 490 = 0. Suppose m - t = -21. Let r = -92 + m. What is the units digit of r?
2
Let h be (-63)/(92/40 + -2). Let n = 215 - h. Suppose 7*r = n + 268. What is the units digit of r?
9
What is the tens digit of (145326/265)/((-6)/(-20))?
2
Let f(l) = 4*l**3 - 10*l**2 + 131*l + 9. What is the tens digit of f(8)?
6
Let g(d) = -5*d**3 + 90*d**2 - 39. What is the units digit of g(10)?
1
What is the thousands digit of -3 + (1 - (-7 + 3)) + 6207?
6
Let t(x) = 12*x - 6. Let l be t(-2). Let w be ((-831)/9)/(5/l). Let m = w + -309. What is the units digit of m?
5
Suppose -1 + 5 = -4*q, -i + q + 8309 = 0. What is the units digit of i?
8
Let i = 81772 + -13008. What is the tens digit of i?
6
Suppose -4*s + 20 = -2*c, -4*c = -3*s + 9 + 6. Suppose c = -7*r + 23 - 107. What is the units digit of (-42)/(-2) + (-4)/((-16)/r)?
8
Suppose 128*o = 86*o + 48510. What is the tens digit of o?
5
Let m = 98 + -126. Let a = m - -61. What is the units digit of a?
3
Let t be (-731)/4 - (-18)/(-72). Let h = t - -486. What is the hundreds digit of h?
3
Let a = -31010 - -58331. What is the tens digit of a?
2
What is the thousands digit of ((-31)/((-837)/(-66510)))/((-2)/12)?
4
Let x be 260/25 - ((-12)/(-5) + -2). Suppose -3*y - 1407 = -x*y. Let w = y - 61. What is the units digit of w?
0
Let w be ((-10)/8)/((-4)/(-16)). Let t(a) = a**2 + 4*a - 3. Let q be t(w). Let n(o) = 3*o**3 - o**2 - 3*o + 2. What is the units digit of n(q)?
6
Let y(i) = 2509*i**2 + 55*i + 239. What is the thousands digit of y(-4)?
0
Let g be 3/2*(24 - 10). Suppose -g*i + 1510 + 22283 = 0. What is the tens digit of i?
3
Let f = 280 - 68. Suppose u = f - 14. Let v = u - 123. What is the tens digit of v?
7
Let x(t) = -1179*t - 26. Let u be x(2). What is the units digit of (-45)/30*u/6?
6
Suppose -116*n = -113*n + 30. What is the tens digit of (-12112)/n - (-5)/(-25)?
1
Let c be ((-487917)/204)/(3/(-8)). What is the hundreds digit of 8/(-12) - (-1 + c/(-9))?
7
Let n = -98 - -103. Suppose -38 = n*s - h, -3*s = 4*h + 14 + 18. What is the tens digit of (-4 - (s - 1)) + 5?
1
Suppose 42*b - 36*b = -12. What is the units digit of (-10 - -29) + b + 9?
6
Let z(a) = 9*a**2 - 2*a + 1. Let f be z(2). Let y = -34 + f. What is the tens digit of 212 + -5 - y*(-2)/(-2)?
0
Let l(s) = -s**3 - 11*s**2 - 13*s - 22. Let m be l(-7). Let u = m - -139. What is the tens digit of u?
1
Let d(x) = x**2 - 7*x. Let k be d(7). Suppose k = -8*v + 9*v - 320. Suppose 2*m = 2*h + 214, -m + 4*m = 4*h + v. What is the tens digit of m?
0
Let v(n) = 96*n + 31 + 153 - 10*n + 241 + 26*n. What is the hundreds digit of v(9)?
4
Let b = -5 - -5. Suppose -3029 = -5*m + k - 424, b = -4*m - 5*k + 2055. What is the hundreds digit of m?
5
Let d = 11637 - 7746. What is the tens digit of d?
9
Let n(p) be the first derivative of -p**6/360 + 17*p**5/120 - p**4/2 + p**3 - 23. Let m(z) be the third derivative of n(z). What is the tens digit of m(13)?
4
Let d be (-85)/9 + ((-80)/(-18))/10. Let z(t) = 3 + 4 + 7 - 19*t. What is the units digit of z(d)?
5
Let x(j) = -2*j**2 - 20*j - 14. Let l = -23 + 13. Let r be x(l). What is the tens digit of (-56)/196 + 1*(-452)/r?
3
Suppose 5*v = -3*g + 70, g - 25 = v - 3*v. Suppose -5*s = -7*s + h + 291, g